et i = -1355 + 3755. List the prime factors of i.
2, 3, 5
Suppose -3*i - 4*r - 164 = 0, 0*r + 4*r - 220 = 5*i. Let y = i + 33. What are the prime factors of (-3)/(-5) + (-531)/y?
2, 3
Let h = 89 + 159. List the prime factors of h.
2, 31
Suppose -8*y + 3*y = 0. Suppose -o + u + 96 = 5*u, -2*o + 2*u + 142 = y. Suppose -4*s = -3*v + o, 4*v - 3*s - s = 96. List the prime factors of v.
2, 5
Let j = 159 + -64. Suppose -35 = 5*g - j. Suppose -g*i = -13*i + 28. What are the prime factors of i?
2, 7
Suppose 5*m = -5*s + 3*s + 52, -3*m - 12 = 0. Let w = 264 + s. Suppose -q - 2*k + 26 = -39, 5*q = -5*k + w. List the prime factors of q.
5, 11
Let s be (-3 + (-11)/(-3))/(8/84). Suppose -s*h + 200 = -6*h. List the prime factors of h.
2, 5
Let p = -137 - 32. Let a = -98 - p. List the prime factors of a.
71
Let m(a) be the third derivative of -a**6/120 + 7*a**5/60 + a**4/2 - a**3/6 + 27*a**2. Suppose w = 5*w - 32. List the prime factors of m(w).
31
Let j(f) = 662*f**3 + f**2 + 15*f - 27. List the prime factors of j(2).
5303
Suppose 0 = 65*a - 11*a - 39744. What are the prime factors of a?
2, 23
Let p be ((-4)/(-7))/((-5)/(-35)). What are the prime factors of (-434)/(4/(p/(-2)))?
7, 31
Let r(d) = 13*d + 11. Let l be (-1)/((-10)/18) + 2/10. List the prime factors of r(l).
37
Let y(u) = -62*u - 249. List the prime factors of y(-12).
3, 5, 11
Suppose 2*q + 3*r = 27, -58 = -5*q + 2*r - 0*r. Let h(y) = y**3 - 11*y**2 - 11*y - 8. Let b be h(q). What are the prime factors of (48/15)/(b/30)?
2, 3
Let h be 12/((-4)/72*-3). Let f = 22 + h. What are the prime factors of f?
2, 47
Let n be (3 - 12)/(-3) - -1. Suppose n*o - 4*c = 38 + 278, 2*c = -2*o + 170. What are the prime factors of o?
2, 41
Let o = 126 - 308. Let a = o + 286. What are the prime factors of a?
2, 13
Let b be 204 + 1 + 1/1. Suppose -5*p + 5*z + 335 = 0, -4*z + 0*z = -3*p + b. List the prime factors of p.
2, 31
Suppose -6 = -11*i + 8*i. Suppose 5*r = 2*b + 133, 3*r - 21 - 46 = -i*b. List the prime factors of r.
5
Suppose -3*j = -3*f + 4830, -2*f = 2*j - 2771 - 465. What are the prime factors of f?
2, 3, 269
Let z = -14 - 23. Suppose -11*s + 483 = -243. Let f = s + z. List the prime factors of f.
29
List the prime factors of 0 + (-496)/(-56)*(-1 + 8).
2, 31
Let a = 37 - 134. Let w = a + 149. What are the prime factors of w?
2, 13
Let j(u) = -4*u**3 - 19*u**2 - 14*u + 16. List the prime factors of j(-7).
3, 5, 37
What are the prime factors of (-2*2)/(42/(-4473))?
2, 3, 71
Suppose 10*j - 8*j + 12 = 0. Let o be ((-49)/14)/((-1)/j). Let y = o - -26. What are the prime factors of y?
5
Suppose 51*f = -23634 + 91464. List the prime factors of f.
2, 5, 7, 19
Suppose -15*h = 3426 - 50556. What are the prime factors of h?
2, 1571
Suppose 99*v = 125*v - 36972. What are the prime factors of v?
2, 3, 79
Suppose 3 = t - 10. Let z(l) = -l**2 - 7*l + 12. Let m be z(-8). Suppose -s - m = -t. What are the prime factors of s?
3
Suppose 3*t = x + 1128, 1299 = 5*t - 4*x - 588. Let p = 595 - t. List the prime factors of p.
2, 5, 11
Suppose -5*p = 1083 - 3758. List the prime factors of p.
5, 107
Suppose -2*p = 2 - 0, -3*c + p = -7. Suppose -140 = -5*f - 40. Suppose 0 = -c*y + 6 + f. List the prime factors of y.
13
Let z be -1 - 0 - 20/(-4). Let x be 1/(42/36 + -1). Suppose -z*b + x = -22. What are the prime factors of b?
7
Let d = -529 + 983. What are the prime factors of d?
2, 227
Suppose -14*n + 5*k = -18*n + 10440, -4*n + k + 10440 = 0. List the prime factors of n.
2, 3, 5, 29
Suppose 5*w + 0*w = 155. Suppose 8 - 95 = -3*b. Suppose b*v + 98 = w*v. What are the prime factors of v?
7
Let r be ((-402)/(-8))/(0 - 2/(-8)). Let h = r - 43. List the prime factors of h.
2, 79
Let g(c) = c**3 - 12*c**2 - 14*c + 6. Let w be g(13). Let b = 61 - w. List the prime factors of b.
2, 17
What are the prime factors of (-339 + 0)/(-1*(-21)/(-14))?
2, 113
Let s = -240 - -843. List the prime factors of s.
3, 67
Let k(z) = 31*z**2 + z + 65. Let c(g) = 6*g**2 + 13. Let j(m) = 11*c(m) - 2*k(m). List the prime factors of j(-4).
5, 17
Let a(p) = -5*p + 1. Let v be a(-3). Suppose v*u + 35 = 11*u. Let b = 27 + u. List the prime factors of b.
2, 5
Let q(m) = m**3 + m**2 - 13*m - 5. Let v be q(-4). Let k(l) = -51*l**3 - 2*l**2 + l + 2. List the prime factors of k(v).
2, 5
Let z(y) = y**3 - 13*y**2 + y - 11. Let f be z(13). Suppose 0 = m + f. What are the prime factors of ((-21)/(-42))/(m/(-164))?
41
Suppose 6032 + 3782 = 7*i. List the prime factors of i.
2, 701
Let k(l) = -2*l - 16. Let q be k(-9). What are the prime factors of 66 - 4*(q - 1)?
2, 31
Let h(y) = 3*y**2 + 12*y + 10. Let v be h(-11). What are the prime factors of v/6 + (-4)/24?
2, 5
List the prime factors of (-1719)/(9 - 975/104).
2, 3, 191
Suppose k - 4*k = -117. Let m = k + -33. Suppose m = -2*d, -d + 21 = i - 11. What are the prime factors of i?
5, 7
Let h be 8/3*(-3)/(-2). Suppose 3*n = h*n + 2*y - 81, 2*n - 168 = 2*y. What are the prime factors of n?
83
Let u be 1*3/(-9)*-12. Suppose 0 - u = 2*r, -s + 4*r = -26. What are the prime factors of s?
2, 3
Suppose 3*o + 20 + 16 = 0. What are the prime factors of 3/2*(-488)/o?
61
Let p(z) = -z**3 + 4*z**2 + 0*z + 0*z + 2 + 4*z - 3*z. List the prime factors of p(-3).
2, 31
Let i(k) = -k**2 + 14. Let m be i(-7). Let c = m - -40. What are the prime factors of (-118 + 0)/(c + -7)?
59
Let q(i) = i**2 + 8*i + 2. Let m be (-1)/((-6 + 3)/(-57)). Let t = m - -11. List the prime factors of q(t).
2
Let f(m) = -m**3 - 9*m**2 + 10*m - 8. Let y be f(-12). Suppose 4*d - y + 28 = 0. What are the prime factors of d?
3, 23
Suppose 3*c = 6*c - 12. Suppose 91 = c*a - 229. List the prime factors of a.
2, 5
Let x(i) be the third derivative of -i**4/12 + i**3 + 2*i**2. Let r be x(4). What are the prime factors of (r/4)/((-17)/1190)?
5, 7
Let k(o) = 45*o + 50. Let v(l) = -l. Let f(d) = k(d) + 30*v(d). List the prime factors of f(12).
2, 5, 23
Let x(w) be the third derivative of -3*w**2 + 0*w - 1/15*w**5 + 0 + 1/60*w**6 + 0*w**4 - 1/3*w**3. List the prime factors of x(4).
2, 31
List the prime factors of 2/(-14) - 74403/(-147).
2, 11, 23
Suppose 0 = 11*n - 0*n - 6039. List the prime factors of n.
3, 61
Let b(s) = -8*s - 4. Let v be b(2). Let t = v + 90. What are the prime factors of t?
2, 5, 7
Suppose 5*w - 1 = -3*t, 3*t + 0*t - 3*w = 9. Let i be (28/(-10) + t)*-5. Suppose -h + 0*c - 5*c = -9, i*h + 5*c = 51. List the prime factors of h.
2, 7
Suppose 0 = -6*u + 4*u + 30. Suppose u = 3*c - 0*c. List the prime factors of -3 - c/(10/(-28)).
11
Let g = 317 - -989. List the prime factors of g.
2, 653
Suppose -6 = -5*j + 4. Let m = 2 + j. Suppose 3*z + 2 = m*z. List the prime factors of z.
2
Let f(y) = -y**2 + 19*y + 15. List the prime factors of f(15).
3, 5
Let m be ((-10)/(-2))/(-2 - -1). List the prime factors of (-8)/m*5*(-38)/(-4).
2, 19
Suppose 2*p - 1365 = -p. Suppose -p = -4*c + 189. List the prime factors of c.
7, 23
Let j = 307 + -202. Suppose -36 = -3*f + j. Suppose 4*o - f + 15 = 0. List the prime factors of o.
2
Suppose 4*m - 63 - 97 = 0. Suppose -2*p + m = 2*p. List the prime factors of 6/(-30) + 282/p.
2, 7
Suppose -j = j - 144. Suppose -4*k = -116 - j. Suppose 2*y + 1 = k. What are the prime factors of y?
23
Suppose -1110 = -5*m - 3*j, 2*m = -3*m + 4*j + 1075. Suppose 0 = -5*u + 291 + m. List the prime factors of u.
2, 3, 17
Let g(x) = x**3 - 11*x**2 + 8*x - 1. Let h be g(10). Let b(i) = -i**3 - 19*i**2 + 33*i + 52. List the prime factors of b(h).
241
Suppose 0*n = 4*i + 3*n - 9, -3*n + 6 = 3*i. Suppose 0 = -4*k + 4*t - 20, i*k + t = -2*t - 21. What are the prime factors of 2*(-3)/k*2?
2
Suppose -1 + 5 = -4*c. Let u = c - -10. Suppose 0*b + 3*b = u. List the prime factors of b.
3
Suppose 4*z - 504 - 112 = 0. What are the prime factors of z?
2, 7, 11
Suppose w - 712 = -t, -720 = -5*w + 4*w + 3*t. Let x = -444 + w. List the prime factors of x.
2, 3, 5
Let t(z) = -92*z + 45. List the prime factors of t(-3).
3, 107
Suppose y + 0 = -2*o - 1, -9 = -3*o - 5*y. Let i = o + -19. Let n = i - -36. List the prime factors of n.
3, 5
Let c(n) = -n**3 + 4*n**2 + 13*n - 6. Let j be c(6). Suppose j = 3*m - 16 - 17. Let o = m - -8. What are the prime factors of o?
19
Let u = 237 + 227. What are the prime factors of u?
2, 29
Let n = 4515 - 2348. What are the prime factors of 